- 40 = -5*h. Let r = h - 2. Let v(b) = -5*b**2 + b**3 - 2*b + 0*b**2 + 2*b**r. Calculate v(3).
-6
Let y(b) be the first derivative of -b**6/360 + b**5/60 - b**4/8 - 2*b**3/3 - 2. Let n(q) be the third derivative of y(q). Let z = 9 - 7. Give n(z).
-3
Suppose 0 = -0*c - 3*c + 6. Let y(h) = h**2 - h + 3. Let l be y(0). Let k(t) = -t**2 + 2*t + 4*t**2 - l - 2*t**2. Calculate k(c).
5
Let z(s) = 3 + 0*s - 5*s + 0*s + s**2. Let f(d) be the second derivative of d**4/3 + d**3/3 + d**2/2 - 2*d. Let i be f(-1). Determine z(i).
-3
Let m be (-5)/(-3) + 13/39. Let x(d) = -4*d**2 - d**3 - d**2 + 5*d - d**2 + 3*d**2 - m. Calculate x(-4).
-6
Let i(k) = -k**3 - 3*k**2 - 4*k - 2. Let y(f) = -f**2 - f + 1. Let r(q) = 5*q**2 + 5*q - 4. Let w(z) = r(z) + 4*y(z). Let o(g) = -i(g) - w(g). What is o(-2)?
-4
Let r(j) = j**2 + 8*j + 1. Suppose 0*y + 25 = -5*o - 5*y, 14 = -2*o + 2*y. Give r(o).
-11
Let b(t) = t**3 - 2*t**2 - 3*t + 3. Let c = 1 + -1. Suppose 3*m + m - 8 = c. Let g be b(m). Let q(u) = u**3 + 5*u**2 + 5*u + 2. Give q(g).
5
Let g(w) = w**2 - 2*w. Suppose 60 = 4*i - 0*i. Suppose -5*f + 5 = -i. Determine g(f).
8
Let i(o) be the first derivative of o**4/4 + o**3/3 + 3. Let z = 55 - 56. Calculate i(z).
0
Suppose -8 = -4*w - 12. Let g be ((1 + 0)*w)/1. Let p(t) = 3*t - 1. Calculate p(g).
-4
Suppose -q + 15 = 4. Let j = 16 - q. Let l(i) be the second derivative of -i**5/20 + i**4/3 + i**3 - 7*i**2/2 + i. Calculate l(j).
-2
Let p(h) = -h**2 - 7*h - 4. Let m = -55 - -50. Determine p(m).
6
Let j(c) be the third derivative of c**7/840 + c**6/120 - c**5/20 + 7*c**4/24 - 2*c**3/3 - 7*c**2. Let d(b) be the first derivative of j(b). Give d(-5).
-13
Let q(a) = 11*a**2 + 4*a**3 + 4 + 9*a - 18 - 3*a**3. Let y be q(-10). Let n(j) = 2 + 2*j**3 - 3*j**3 + j**2 - 5*j**2. Determine n(y).
2
Let m be (6/4)/((-4)/8). Let a(w) = -4 + w**3 - w**2 + 0*w**3 + 4*w**2. What is a(m)?
-4
Let u(l) = -13*l**3 + 5*l**2 - 17. Let c be -2 + (-1)/2*-26. Let g(i) = 7*i**3 - 3*i**2 + 9. Let o(a) = c*g(a) + 6*u(a). Give o(-3).
-3
Let y(o) be the third derivative of -o**6/120 - o**5/15 + o**4/3 + o**3/2 + 19*o**2. What is y(-5)?
-12
Let w be (-18)/(-3) - (-2 + 4). Let c(g) = 4 - 4 - 2*g. Let t(n) = -8*n - 1. Let d(o) = 9*c(o) - 2*t(o). Determine d(w).
-6
Let j(m) be the first derivative of m**2/2 - 2*m - 9. Determine j(3).
1
Let q(z) be the first derivative of -z**4/2 + z**3 - z**2/2 - 24. What is q(2)?
-6
Let w(v) = -v**3 + 4*v**2 - v. Let h = 3 + 2. Suppose i + 5*c = -3*i + 41, h*i = 4*c. Let j be w(i). Let f(o) = o**3 + 4*o**2 + o - 3. Calculate f(j).
-7
Suppose 5 - 6 = u. Let z(r) be the first derivative of r**2 + r - 1. Give z(u).
-1
Suppose -6*x = -5*x + 5. Suppose -3*m + 10 = -3*q - 8*m, 35 = 2*q - 5*m. Let n(r) = -6 - q*r + 0*r + 4*r. Give n(x).
-1
Let i(x) be the third derivative of -x**4/24 + x**3/6 + x**2. Let p be 4/(-8)*2*0. Calculate i(p).
1
Let y(j) = 4*j - 9. Let r be y(5). Suppose -7*n = -r*n - 20. Let k(u) = u**2 + 8*u + 6. What is k(n)?
-9
Let z(t) = 2*t + 4. Let x(m) = -m - 2. Let u(l) = -9*x(l) - 4*z(l). Suppose -j = -s - 6, -4*j + s = 3*s - 12. Suppose 4*p - 4 - j = 0. What is u(p)?
4
Let v(o) be the third derivative of 2*o**2 + 0*o + 0 - 1/24*o**4 - 7/6*o**3. Let k be v(-7). Let y(c) = c**3 + c**2 + c + 9. Give y(k).
9
Let s(f) = -10*f**3 - f**2 - 3*f + 2. Let d(r) = 19*r**3 + 3*r**2 + 7*r - 5. Let g(o) = 2*d(o) + 5*s(o). Give g(1).
-12
Let z(j) be the third derivative of 1/6*j**3 - 1/120*j**6 + 0*j**4 + 0 - 1/60*j**5 + 0*j + j**2. Let y = 13 + -14. Give z(y).
1
Let u be (-3)/(-2) - (-7)/2. Suppose 0 = -u*y - 3*z - 40, -y - 2*z = -4*y - 5. Let d(p) = -p**2 - 8*p - 3. What is d(y)?
12
Let x(g) = -g + 4. Let u be (2/11 - 640/(-110))/(-1). Determine x(u).
10
Let s(a) = 50*a - 99*a + 42*a. Determine s(1).
-7
Let n(y) = -y + 8. Let g be n(6). Suppose -3*h + g*h = 1. Let d(o) = -7*o - 1. Let a(w) = w**2 + 6*w + 1. Let i(p) = -5*a(p) - 4*d(p). Calculate i(h).
-4
Let j(m) = -m**2 - 10*m - 6. Suppose -b - 3*q - 1 = 0, 0*q = 3*b + 4*q + 18. Let z be j(b). Let x(v) = -v**3 - 6*v**2 - 2*v - 6. Determine x(z).
6
Let l(p) be the first derivative of 2*p - 2 + p**2 + 0 + 2*p + 0*p**2. Determine l(-3).
-2
Suppose 6*z - 24 = -6. Let l(n) = -2*n**3 + 3*n**2 + 3*n + 2. Calculate l(z).
-16
Let q(w) = w**2 + 13*w - 10. Let p(a) = 2*a**2 + 27*a - 21. Let d(z) = -6*p(z) + 13*q(z). What is d(-6)?
-10
Let o(q) = 3*q**2 - 2*q + 1. Suppose 0 = 13*t - 19*t + 6. Give o(t).
2
Let y(o) be the third derivative of -o**5/12 - o**4/8 - o**3/6 - 7*o**2. Let v(z) = -4*z - 4*z**2 - 2 - 7*z**2 - 2*z. Let s(h) = 6*v(h) - 13*y(h). Give s(4).
-3
Let t = 39/14 - 9/7. Let v(u) be the first derivative of -3*u - 2 - t*u**2 - 1/3*u**3. Give v(-2).
-1
Suppose -16 = 2*m - 6*m. Suppose -a + 16 = a. Suppose m*b = 28 - a. Let n(x) = -x + 5. Give n(b).
0
Let j be 0/((-4 + 2)/(-1)). Suppose 0 = 2*m - n - 4*n + 31, m + 3*n - 12 = j. Let q(l) = 2*l**2 + 5*l + 3. Determine q(m).
6
Let p(y) be the third derivative of -2*y**2 + 0 - 1/6*y**3 - 1/24*y**4 + 0*y - 1/40*y**5. Let v(w) be the first derivative of p(w). Give v(1).
-4
Let i(k) = -k + 5. Let g be i(5). Let j(c) = g + 0 - 3 + c. Let q(r) = r + 2. Let z be q(2). Give j(z).
1
Let s(c) = c**3 - c**2 + 4. Let n(t) = -t + 8. Let f be n(6). Suppose -14 = -f*d + 2*v, -d + 4 = 3*v + 1. Let b = d - 6. Determine s(b).
4
Let m = -12 + 12. Let f(u) = 3*u + 17. Let r(s) = 2*s + 8. Let h(n) = -3*f(n) + 5*r(n). What is h(m)?
-11
Let s(m) = -5*m**2 - 4*m - 5. Let f(h) = -10*h**2 - 9*h - 11. Let r(g) = 4*f(g) - 9*s(g). Determine r(1).
6
Let c(z) = -2 + z**3 - 2*z**3 + 0*z + 3 - z. Let i(f) = 3*f + 4. Let n be i(-5). Let p = n - -11. What is c(p)?
1
Let n(m) be the first derivative of m**4/4 + 7*m**3/3 + 4*m**2 + 2*m - 18. Determine n(-6).
-10
Let f(o) = -o - 4. Suppose -2*y + 2*h = -8, 4*y + 5*h = -7 + 23. Calculate f(y).
-8
Let x(s) = 2*s + 4. Let w(d) = -d - 3. Let n(q) = 7*w(q) + 4*x(q). What is n(9)?
4
Suppose n - 1 = -0. Let d = n + 0. Let x(j) = -d - 2*j + 4*j + j**2 + 7*j**3 - 2*j. Give x(1).
7
Let s(d) be the first derivative of 2 - d**2 + 1/6*d**3 - 3*d. Let n(a) be the first derivative of s(a). Give n(-2).
-4
Let w(n) be the second derivative of -n**5/20 - n**3/6 + 7*n**2/2 - 6*n. Calculate w(0).
7
Suppose -7 = -4*g + x, -23 = -5*g - 3*x + 7. Let h be 1/4 + (-38)/(-8). Suppose l - h + g = 0. Let b(d) = -2*d**3 + d**2 + d. Determine b(l).
-10
Let r(w) = -w**3 - 4*w**2 - 2*w + 2. Let i be (-3 - -3) + (-21)/7. What is r(i)?
-1
Let q(p) = 291*p**3 + 0*p - 285*p**3 - 1 - 2*p. Determine q(-1).
-5
Let v(k) = -1 + 4*k - 2*k + k**2 - 4*k**2. Let a be -1 + (-1 - (-9)/3). Give v(a).
-2
Let b(i) be the first derivative of 0*i**2 + 0*i + 1/24*i**4 + 3 - 2/3*i**3 - 1/120*i**5. Let q(h) be the third derivative of b(h). Calculate q(5).
-4
Let n(d) be the third derivative of d**5/10 + d**3/6 - d**2. Let r be ((-3)/(0 - -3))/(-1). Determine n(r).
7
Suppose -4*w + 21 = -5*x, -9 = 5*x - 2*w + w. Let f(b) = 4*b**3 - b**2 + 2*b + b + 0*b**2 - 4*b. Calculate f(x).
-4
Suppose -4*u - 8 - 12 = 0. Let p(i) = 2*i**2 + 3*i - 5. Give p(u).
30
Let a(f) = 5*f + 31. Let c(v) = -v - 6. Suppose -g + m - 20 = g, -m = -4*g - 42. Let z(q) = g*c(q) - 2*a(q). What is z(3)?
7
Let j(c) be the third derivative of c**5/60 + c**4/24 - 2*c**3/3 - 8*c**2. Determine j(-4).
8
Let j(q) = -2*q - 1. Suppose -3 = 2*z - 9, 2*d + 5*z = 33. Let s(o) = o**3 - 9*o**2 - o + 10. Let k be s(d). What is j(k)?
-3
Suppose -l - 2 - 6 = 3*i, -3*i = 4*l + 23. Let z be (i/(-3))/((-2)/12). Let b(x) = 2*x**2 + 2*x - 1. Determine b(z).
3
Let x(b) = b**3 + 3*b**2 - 3*b. Let p be 14/(-84) + 46/(-12). Determine x(p).
-4
Let z(r) be the first derivative of -r**4/4 + r**3/3 - 5*r + 14. Give z(0).
-5
Let j(n) = 6*n**2 - 4*n + 3. Suppose -32 = -16*g - 0. Determine j(g).
19
Let n(x) = -1 + 0 - x**2 + 5 - x + 0*x. Calculate n(-4).
-8
Let c(j) = -j**2 - 7*j + 3. Let o be c(-6). Let u = 4 - o. Let r(h) be the second derivative of h**5/20 + h**4/3 - 5*h**3/6 - 3*h**2/2 - h. Determine r(u).
-3
Let t(u) = 4*u + 29. Let w be t(-6). Let l(p) be the third derivative of -1/6*p**3 + 1/60*p**w + 0*p + 0 - 5/24*p**4 + 2*p**2. Determine l(4).
-5
Let k be ((-18)/8)/((-3)/16). Suppose 0 = -2*f - f + k. Let j = 9 - f. Let g(p) = p**3 - 5*p**2 - p - 2. Give g(j).
-7
Let u(r) = 